217
What are the prime factors of 3979744729?
43, 4219, 21937
What are the prime factors of 1471228642?
2, 13, 56585717
What are the prime factors of 1629519984?
2, 3, 233, 16189
What are the prime factors of 65138865?
3, 5, 11, 211, 1871
List the prime factors of 1729580322.
2, 3, 288263387
What are the prime factors of 1890153584?
2, 11, 37, 26387
What are the prime factors of 89148682?
2, 7, 157, 40559
What are the prime factors of 130074710?
2, 5, 3037, 4283
What are the prime factors of 214067082?
2, 3, 35677847
What are the prime factors of 684419433?
3, 43, 5305577
List the prime factors of 39815769.
3, 7, 1895989
List the prime factors of 4521795216.
2, 3, 23, 4095829
What are the prime factors of 224111828?
2, 373, 150209
What are the prime factors of 126613839?
3, 11, 419, 9157
List the prime factors of 1925196879.
3, 71, 9038483
List the prime factors of 4297994112.
2, 3, 821, 13633
What are the prime factors of 98567964?
2, 3, 11, 248909
List the prime factors of 1940869323.
3, 19, 73, 51827
What are the prime factors of 6165233?
107, 157, 367
What are the prime factors of 3759178575?
3, 5, 31, 1616851
List the prime factors of 4017253758.
2, 3, 7, 43, 1291, 1723
What are the prime factors of 45551450?
2, 5, 7, 130147
List the prime factors of 2251643251.
11, 13, 17, 37, 25033
What are the prime factors of 20192801?
19, 1062779
What are the prime factors of 5093380845?
3, 5, 7, 66541
List the prime factors of 216204134.
2, 2503, 43189
List the prime factors of 65836529.
11, 17, 31, 41, 277
What are the prime factors of 31309952?
2, 331, 739
List the prime factors of 551362571.
449, 1227979
What are the prime factors of 39279189?
3, 41, 319343
List the prime factors of 65217301.
65217301
What are the prime factors of 27336562?
2, 11, 37, 43, 71
List the prime factors of 25557730.
2, 5, 11, 283, 821
List the prime factors of 1715949073.
1715949073
List the prime factors of 101077893.
3, 7, 23, 79, 883
List the prime factors of 3993031205.
5, 41, 59, 330139
List the prime factors of 2572732514.
2, 11, 116942387
What are the prime factors of 1113549753?
3, 371183251
List the prime factors of 74085538.
2, 3851, 9619
What are the prime factors of 2916910520?
2, 5, 1523, 47881
What are the prime factors of 43454477?
11, 1567, 2521
List the prime factors of 2332116355.
5, 17, 27436663
List the prime factors of 2268684772.
2, 567171193
List the prime factors of 316164978.
2, 3, 19, 308153
List the prime factors of 1560710227.
1560710227
List the prime factors of 1207660330.
2, 5, 19, 41, 155027
What are the prime factors of 79845785?
5, 571, 27967
List the prime factors of 82387786.
2, 13, 569, 5569
What are the prime factors of 157222507?
13, 12094039
List the prime factors of 158351003.
158351003
List the prime factors of 56837046.
2, 3, 7, 947, 1429
What are the prime factors of 52294513?
52294513
What are the prime factors of 323838872?
2, 7, 67, 86311
What are the prime factors of 1838605408?
2, 47, 367, 3331
What are the prime factors of 30303417?
3, 109, 92671
List the prime factors of 2308936401.
3, 71, 1204453
What are the prime factors of 310884436?
2, 317, 245177
List the prime factors of 399598661.
7, 11, 919, 5647
List the prime factors of 276896078.
2, 2351, 58889
List the prime factors of 93776173.
6359, 14747
List the prime factors of 934572123.
3, 173, 600239
List the prime factors of 24136879.
13, 31, 101, 593
List the prime factors of 485058048.
2, 3, 47, 6719
List the prime factors of 146817735.
3, 5, 9787849
List the prime factors of 1111161977.
569, 1952833
What are the prime factors of 3077309393?
29, 1619, 65543
List the prime factors of 157155348.
2, 3, 7, 267271
List the prime factors of 69925653.
3, 7, 419, 883
What are the prime factors of 28150966?
2, 14075483
List the prime factors of 314430005.
5, 233, 269897
What are the prime factors of 66288154?
2, 33144077
List the prime factors of 50835322.
2, 439, 57899
List the prime factors of 4361740113.
3, 337, 1289, 3347
What are the prime factors of 43772048?
2, 19, 137, 1051
List the prime factors of 1446537250.
2, 5, 709, 8161
List the prime factors of 642754209.
3, 139, 1541377
List the prime factors of 321879124.
2, 7, 47, 244589
What are the prime factors of 1176828200?
2, 5, 31, 67, 2833
List the prime factors of 715043948.
2, 19, 2029, 4637
What are the prime factors of 17103861?
3, 1900429
List the prime factors of 436670859.
3, 59, 443, 5569
What are the prime factors of 26500322?
2, 59, 224579
List the prime factors of 161983674.
2, 3, 59, 127, 1201
What are the prime factors of 106506106?
2, 7, 71, 15307
What are the prime factors of 3250879?
151, 21529
List the prime factors of 350405170.
2, 5, 37, 199, 4759
What are the prime factors of 63997980?
2, 3, 5, 71, 83, 181
List the prime factors of 3168568372.
2, 792142093
What are the prime factors of 1875581004?
2, 3, 11, 14208947
List the prime factors of 5153510299.
7, 109, 1321, 5113
What are the prime factors of 55705302?
2, 3, 19, 162881
List the prime factors of 991182642.
2, 3, 165197107
List the prime factors of 76327907.
76327907
What are the prime factors of 192840600?
2, 3, 5, 331, 971
List the prime factors of 64889269.
29, 2237561
What are the prime factors of 239766259?
239766259
List the prime factors of 495994314.
2, 3, 82665719
What are the prime factors of 22902955?
5, 31, 147761
List the prime factors of 107524788.
2, 3, 7, 457, 2801
What are the prime factors of 39865869?
3, 199, 22259
List the prime factors of 35605605.
3, 5, 7, 193, 251
What are the prime factors of 91043598?
2, 3, 61, 248753
What are the prime factors of 264586659?
3, 88195553
List the prime factors of 2441427120.
2, 3, 5, 11, 17, 18133
List the prime factors of 106423883.
19, 294803
What are the prime factors of 47293485?
3, 5, 1459, 2161
List the prime factors of 4022465196.
2, 3, 335205433
List the prime factors of 4380083378.
2, 11, 433, 459803
List the prime factors of 4342521300.
2, 3, 5, 13, 523, 2129
What are the prime factors of 14833533?
3, 11, 13, 71, 487
List the prime factors of 1784658135.
3, 5, 13, 53, 172681
List the prime factors of 1860729594.
2, 3, 17, 181, 100787
List the prime factors of 2043259126.
2, 19, 761, 70657
List the prime factors of 1337370015.
3, 5, 3613, 24677
What are the prime factors of 1003591216?
2, 62724451
What are the prime factors of 15927482?
2, 2309, 3449
What are the prime factors of 271108024?
2, 11, 1259, 2447
What are the prime factors of 252005799?
3, 84001933
What are the prime factors of 57546760?
2, 5, 79, 18211
List the prime factors of 1137643821.
3, 126404869
List the prime factors of 4416546923.
4416546923
List the prime factors of 270743830.
2, 5, 7, 3867769
List the prime factors of 1009810902.
2, 3, 5779, 29123
What are the prime factors of 978023304?
2, 3, 43, 315899
List the prime factors of 716177905.
5, 143235581
What are the prime factors of 12121692?
2, 3, 11, 131, 701
List the prime factors of 247527720.
2, 3, 5, 11, 62507
List the prime factors of 116838018.
2, 3, 11, 239, 823
List the prime factors of 174081992.
2, 7, 3108607
What are the prime factors of 96283162?
2, 59, 571, 1429
What are the prime factors of 27148747?
27148747
List the prime factors of 3391263991.
47, 409, 176417
What are the prime factors of 2716582800?
2, 3, 5, 211, 10729
What are the prime factors of 430245450?
2, 3, 5, 29, 32969
What are the prime factors of 608709885?
3, 5, 7, 491, 11807
What are the prime factors of 1982944772?
2, 495736193
List the prime factors of 666237403.
13, 51249031
List the prime factors of 374095186.
2, 29, 6449917
List the prime factors of 123910717.
7, 1871, 9461
List the prime factors of 1806999230.
2, 5, 180699923
What are the prime factors of 2825479168?
2, 2759257
List the prime factors of 101847723.
3, 83, 409027
What are the prime factors of 208886252?
2, 4463, 11701
What are the prime factors of 263710954?
2, 13, 193, 52553
What are the prime factors of 904460976?
2, 3, 6280979
List the prime factors of 306716787.
3, 13, 151, 643
What are the prime factors of 4654098636?
2, 3, 11, 17, 43, 139, 347
What are the prime factors of 1053406132?
2, 19, 37, 103, 3637
List the prime factors of 480339602.
2, 240169801
List the prime factors of 2